588?
-15a4
In base 3, what is 100021 - -102111?
202202
In base 11, what is 429 - 68?
371
In base 9, what is -3280 - -8?
-3271
In base 2, what is -10100100101001 - 111?
-10100100110000
In base 14, what is 13 + -737?
-724
In base 3, what is -110210 - -212?
-102221
In base 5, what is -212040423 + 3?
-212040420
In base 10, what is -5 + -8756?
-8761
In base 7, what is -6 - -34251?
34242
In base 6, what is 31 + -12335?
-12304
In base 3, what is -1 + -111212120?
-111212121
In base 7, what is -1 - -112032?
112031
In base 10, what is 17 - 939?
-922
In base 2, what is -11011 - 10010000011001?
-10010000110100
In base 13, what is 529 + -83?
476
In base 3, what is 12001001 + -2122?
11221102
In base 5, what is 10 - 102041220?
-102041210
In base 3, what is 101220002 + 12?
101220021
In base 7, what is 45 - -14104?
14152
In base 6, what is 11 - -15304?
15315
In base 10, what is -187 + 61?
-126
In base 5, what is -1232121 + -4?
-1232130
In base 15, what is -1 + -84ab0?
-84ab1
In base 4, what is 112321 + 2030?
121011
In base 10, what is -547064 - -3?
-547061
In base 13, what is a45 + -37?
a0b
In base 10, what is 89349 + -12?
89337
In base 16, what is 4 - 115d03?
-115cff
In base 2, what is 11001101011011 + -1?
11001101011010
In base 8, what is 53354 - -4?
53360
In base 3, what is 1120 - -2100?
10220
In base 5, what is 114433131 - 3?
114433123
In base 7, what is -1 - 53610?
-53611
In base 5, what is 4 - -10403123?
10403132
In base 9, what is 1 + 12553?
12554
In base 8, what is 13 + 7623?
7636
In base 11, what is 18 + 481?
499
In base 11, what is -5 - -88645?
88640
In base 16, what is -4c8 + 25?
-4a3
In base 11, what is -1544 - 184?
-1718
In base 2, what is 1010100101001010110 - 100?
1010100101001010010
In base 12, what is ab6 - 8b?
a27
In base 13, what is -13 + -9c8?
-a0b
In base 13, what is 3 + 5836?
5839
In base 9, what is -4364 - 25?
-4400
In base 5, what is -3 - -124110?
124102
In base 15, what is -7251 + 12?
-723e
In base 13, what is 1 - 84263?
-84262
In base 9, what is -114 - -2557?
2443
In base 3, what is -1011 + -122002010?
-122010021
In base 13, what is c20 + -6?
c17
In base 4, what is 113020 - -2311?
121331
In base 15, what is -22082 + -1?
-22083
In base 4, what is 2223031 - -122?
2223213
In base 4, what is -1232 + -231?
-2123
In base 4, what is 1100 + 33121?
100221
In base 12, what is 345b - 3?
3458
In base 4, what is -1 - -33312112?
33312111
In base 7, what is 1 + 626456?
626460
In base 15, what is 287c - -8?
2885
In base 7, what is 11 - 11241?
-11230
In base 14, what is -29aa4 + 2?
-29aa2
In base 11, what is 2a826a + 2?
2a8271
In base 10, what is 2020871 - 3?
2020868
In base 12, what is -9 - 10184?
-10191
In base 2, what is -1011111 - 111001?
-10011000
In base 13, what is -3b + -393?
-401
In base 6, what is 3 - 25305325?
-25305322
In base 11, what is -557 + 3a?
-518
In base 3, what is -202001202 + 10?
-202001122
In base 10, what is 193908 + 5?
193913
In base 11, what is 3 + 876737?
87673a
In base 2, what is 10000101111100 - -11100110?
10001001100010
In base 11, what is -2 + -8208?
-820a
In base 9, what is -6 + -10085?
-10102
In base 9, what is 27 + 260?
287
In base 12, what is -6a607 + -7?
-6a612
In base 14, what is 13 + -598?
-585
In base 13, what is -9ac10 + -4?
-9ac14
In base 15, what is 11 + -2a223?
-2a212
In base 4, what is -210020322 + -3?
-210020331
In base 16, what is a809 + 5?
a80e
In base 3, what is 11212 - 10211000?
-10122011
In base 6, what is 1 - -145154?
145155
In base 10, what is 60872 + 2?
60874
In base 7, what is 20412 - 6?
20403
In base 14, what is 5 - 630?
-629
In base 9, what is 2 + 1250623?
1250625
In base 11, what is -422a4 - -6?
-42299
In base 5, what is 240 + -2311334?
-2311044
In base 5, what is 124 + 20101?
20230
In base 15, what is 70a - 87?
673
In base 9, what is 1233 + -51?
1172
In base 4, what is -2110 + 3112?
1002
In base 15, what is -8 + b5b?
b53
In base 12, what is -1b5bb - -9?
-1b5b2
In base 5, what is -3 + 1012430?
1012422
In base 12, what is 2 - -38431?
38433
In base 5, what is -3244121 + 12?
-3244104
In base 10, what is 1768958 - 4?
1768954
In base 9, what is 640601 + 13?
640614
In base 3, what is 100 - -122210221?
122211021
In base 13, what is 2b0 - a6c?
-78c
In base 5, what is 1134013 + -4?
1134004
In base 13, what is 4 + -857?
-853
In base 14, what is -4 + bdba5?
bdba1
In base 14, what is -174 - -61?
-113
In base 10, what is 42 + -44847?
-44805
In base 5, what is -10040 + -1013?
-11103
In base 4, what is -3031032302 - -10?
-3031032232
In base 13, what is -191 + -167?
-328
In base 13, what is -3 + -37a31?
-37a34
In base 9, what is 3 - 1051543?
-1051540
In base 5, what is -10 - 3414430?
-3414440
In base 2, what is -100101111001 - -1010110010?
-11011000111
In base 14, what is -10b047 + -6?
-10b04d
In base 10, what is -7 - 19153?
-19160
In base 14, what is -136 + 895?
75d
In base 2, what is 100 - -10011111001000101?
10011111001001001
In base 12, what is -9 + -24680?
-24689
In base 7, what is 1 + 334?
335
In base 10, what is -2 - -18067?
18065
In base 2, what is -10101001 - 110110011?
-1001011100
In base 7, what is 201 - -1135?
1336
In base 3, what is -21 + 10122202220?
10122202122
In base 11, what is -202 + -7a?
-281
In base 4, what is -2221 - -331?
-1230
In base 11, what is 36135 + 0?
36135
In base 13, what is 59 - -1625c?
162b8
In base 12, what is 3b986 + b?
3b995
In base 9, what is -20460 - -1?
-20458
In base 7, what is 4 - -56505?
56512
In base 4, what is -3 + 11223312?
11223303
In base 10, what is 1992 - 96?
1896
In base 14, what is -123 + 2?
-121
In base 2, what is -101101111000 + -1010001001?
-111000000001
In base 10, what is -847 - 6?
-853
In base 13, what is 9 - 49579?
-49570
In base 11, what is -289 - -43?
-246
In base 9, what is 16 - -26023?
26040
In base 16, what is -4 - 4ad?
-4b1
In base 14, what is d - -129?
138
In base 13, what is -560 - 27?
-587
In base 8, what is -2 - -3500?
3476
In base 3, what is -2001 + 100001?
21000
In base 9, what is 36367 - -5?
36373
In base 14, what is -dd + 144?
45
In base 2, what is -10 + 10011111101000?
10011111100110
In base 3, what is 102 + -100220122?
-100220020
In base 12, what is -41ba6 + 2?
-41ba4
In base 8, what is 27 - -11414?
11443
In base 2, what is 10011101111011010111 - -1?
10011101111011011000
In base 15, what is -5 - -26a7?
26a2
In base 2, what is -11 + -110110111110100?
-110110111110111
In base 13, what is 6943a + 3?
69440
In base 12, what is a - 123?
-115
In base 6, what is 444031 + 5?
444040
In base 4, what is -220 - -301303?
301023
In base 7, what is 1 - 5553226?
-5553225
In base 4, what is 132322302 + 3?
132322311
In base 14, what is -b - 276ad?
-276ba
In base 3, what is -2201110020 - 2?
-2201110022
In base 9, what is -104 - 744?
-848
In base 4, what is 22221101231 + -1?
22221101230
In base 7, what is -3 + -53654?
-53660
In base 13, what is -b577c - -4?
-b5778
In base 13, what is 5 - -96834?
96839
In base 10, what is -2426325 + 0?
-2426325
In base 10, what is -21 + -6245?
-6266
In base 5, what is 10 - 231114204?
-231114144
In base 3, what is 11 + -10022101002?
-10022100221
In base 3, what is 11221210122022 - 0?
11221210122022
In base 11, what is -113 - -4163?
4050
In base 4, what is 3 + 220332233?
220332302
In base 2, what is 101 - 110101000111100001?
-110101000111011100
In base 10, what is -3 + 94026?
94023
In base 5, what is -3404 - -1212?
-2142
In base 12, what is -1 - -73a06?
73a05
In base 6, what is -3325352 - -21?
-3325331
In base 4, what is -10 - -122101031?
122101021
In base 14, what is -1d87d - 4?
-1d883
In base 8, what is -432 - -256?
-154
In base 6, what is -4 - -5221444?
5221440
In base 3, what is 101212 + -1100?
100112
In base 8, what is 1 + -41711?
-41710
In base 11, what is -122128 - -2?
-122126
In base 10, what is -189727 - -7?
-189720
In base 13, what is 6b1 - -49?
72a
In base 4, what is 11330012 + -12?
11330000
In base 11, what is 24976 - -3?
24979
In base 5, what is -1200 - -1310201?
1304001
In base 10, what is 1 + -29526?
-29525
In base 8, what is -152 + 1515?
1343
In base 11, what is -121988 + -1?
-121989
In base 2, what is 110000111010 - 100?
110000110110
In base 16, what is 0 + 4482a?
4482a
In base 5, what is -3 + 224303?
224300
In base 15, what is -10 + -16eee?
-1700e
In base 2, what is -10 - -1100000001000111101?
11000000010